045 = 5*h, 5*h + 2*v = 90273. Is h a prime number?
False
Let o = 55998 - -665381. Is o composite?
False
Suppose -o = 20*m - 24*m - 4, -m + 3*o = 12. Let b = -1888 - -11864. Suppose m = -12*p + b + 3536. Is p composite?
True
Suppose 25 = 16*j - 11*j, -j = 2*p - 1102191. Is p composite?
False
Let q be 2/4*8 + (-2)/(-2). Suppose 2*b = -5 - q, 12 = -2*r + 2*b. Let k(t) = 2*t**2 - 14*t - 19. Is k(r) composite?
True
Suppose -1134*h - 3551922 = -1152*h. Is h a prime number?
False
Suppose 50*g - 47*g + 2*h = 46663, 3*h = 6*g - 93291. Is g prime?
True
Is (-238)/595 + 295217/5 prime?
False
Suppose -12 = l - v - 4, 4*l = -5*v - 5. Let t(z) = z**3 + 4*z**2 - 5*z - 3. Let k be t(l). Is 2*(4647/6 + k) a prime number?
True
Suppose 585 + 190 = j. Let v(r) = -r**3 - 7*r**2 - 7*r - 2. Let n be v(-6). Suppose 2281 = 3*b - n*c, -5*c = -b - 0*c + j. Is b composite?
True
Let g(f) = 7*f - 37. Let c be g(5). Let k(b) = -9377*b + 33. Is k(c) composite?
False
Let d(o) be the first derivative of -7*o**2 - 19*o - 176. Is d(-15) composite?
False
Let h = -668 + 661. Is 35526 + h/(35/25) a prime number?
True
Let r(u) be the second derivative of -u**5/20 + 5*u**4/2 - 17*u**3/2 - 45*u**2/2 + 36*u. Is r(22) composite?
True
Let t = -43 - -47. Let r(x) = x + 8. Let v be r(t). Suppose -v = -3*u - u. Is u a prime number?
True
Suppose 7*b = 37*b - 60. Suppose -b*g + 3*x = -4407 - 24035, -71105 = -5*g - 4*x. Is g composite?
False
Let k(t) = 25*t**3 + t**2 + 13*t - 11. Is k(12) a composite number?
True
Suppose -26*t + 722357 = -298949. Is t a composite number?
True
Let o be (-176)/(-33)*3/2. Suppose o*c = 3*c + 2*g + 743, 3*g - 135 = -c. Suppose -143*u + c*u = 452. Is u a composite number?
False
Let n(k) = -k + 7. Let g be n(3). Suppose x = -5*u - 3 - 0, 12 = -g*x. Suppose -3*h + 9532 + 1847 = u. Is h composite?
False
Let s(d) = 39*d**3 + 18*d**2 - 10*d + 45. Is s(16) prime?
False
Let w be (-48)/6 - -2 - -991. Suppose 2*q = -6*m + 3*m + w, 3*m - q = 997. Is m a composite number?
False
Is (-2*(-4701)/6)/((-87)/(-261)) composite?
True
Is ((-650)/(-117))/25 + (-345499)/(-9) composite?
True
Let x = -1263 - -1787. Let k = -291 + x. Is k composite?
False
Let m(o) = -18635*o + 7521. Is m(-122) a composite number?
True
Is ((-286609)/(-2))/(((4 + -6)/(-4))/1) a composite number?
False
Let p = 29 - 47. Let l be 738 - ((-2)/(-4))/((-9)/p). Suppose 5*i - 2172 = -l. Is i a composite number?
True
Suppose -441779 - 4486648 = -63*o. Is o a prime number?
True
Let v be 4/5 + (-1094676)/(-55) + 7. Suppose 28*k = 25*k + v. Is k prime?
True
Let t(r) = 5*r**2 + 6 + 6*r**3 - 11*r**2 + 11 - 24*r + 11 - 7. Is t(12) composite?
True
Let n(x) be the second derivative of 62*x**5/5 + x**4/12 + x**3/3 - x**2/2 + 25*x. Is n(2) composite?
True
Let n(s) = -2*s**3 - 33*s**2 + 5*s - 7. Is n(-31) a composite number?
True
Let a(s) = -s**2 + 2*s + 1. Let t(r) = -239*r**2 - 20*r + 56. Let c(q) = 3*a(q) - t(q). Is c(8) a composite number?
False
Suppose 8*j - 13*j + 40 = 0. Let k(v) = v + 9. Let q be k(j). Suppose 0 = 25*f - q*f - 14776. Is f composite?
False
Let g be 103 + 13 + 2 + -8. Suppose -g*q = -113*q + 2877. Is q composite?
True
Let x(n) = n**2 + 4. Suppose -6*p - 9*p = -11*p. Let b be x(p). Is (b/10)/(12/11370) a composite number?
False
Is ((-262)/5)/((-4224105)/248475 + 17) - -6 composite?
False
Let u = 226 - 436. Let n(p) = -3*p**2 - 13*p - 21. Let l be n(-13). Let b = u - l. Is b composite?
False
Is ((-73498)/(-5))/(552/9660) a prime number?
False
Suppose 3*g - 1556804 = -5*w, -1245421 = -4*w - 113*g + 118*g. Is w composite?
False
Suppose 5*t = -2*o - 0*t + 1565088, 782535 = o - 2*t. Is o prime?
True
Suppose 13*c = 10413 + 42796. Let x = c - -2790. Is x a prime number?
True
Let v(i) = 5528*i**3 + 2*i**2 + 4*i - 5. Let z be v(5). Suppose -3*t - z = -30*t. Is t composite?
True
Let i(c) = c**3 + 5*c**2 + 5*c + 3. Let q be i(-3). Let w(m) = 6*m - 33. Let t be w(q). Suppose -401 = -t*h + 172. Is h composite?
False
Is ((-47285695)/(-124))/((-45)/(-36)) composite?
False
Let t(z) = 1081*z**2 + 16*z + 464. Is t(23) prime?
False
Let h be 1/(-1)*4*(-162)/(-72). Let n be (-4 - 222/h)*3. Suppose 3*b - 3*j = -j + n, -5*b + 100 = -5*j. Is b a composite number?
True
Suppose 8*i - 28*i = -60. Suppose -2671 = -s + 4*j, i*s + 5*j = 7*j + 7963. Is s a composite number?
True
Let b(z) = 10217*z - 7585. Is b(16) a prime number?
True
Suppose 9*l - 15 = 4*l. Suppose -l*c + 12 = m - 6*c, 0 = m + c. Let o(n) = 900*n + 5. Is o(m) a composite number?
True
Suppose 9737*h - 86630 = 9727*h. Is h a composite number?
False
Suppose 6*t - 3*t = 225. Suppose -69*d + t*d = 31818. Is d composite?
False
Let a = 120 + -117. Let s(y) = 254*y - 73. Is s(a) a composite number?
True
Suppose -2*l + 20*l - 36 = 0. Suppose 0 = 2*k - 3*r + 1257 - 10696, -l*k = -2*r - 9440. Is k prime?
True
Is (-6)/27 - (812/(-56))/((-18)/(-238108)) composite?
True
Suppose 5*w - x - 9153 = -38, 4*w - 3*x = 7292. Is w a prime number?
True
Suppose 2*m = 5*d + 135501, 0 = -5*d + 3*m - 5*m - 135509. Let b = 38206 + d. Is b prime?
False
Let l = 21071 - 14394. Let m = l - -12984. Is m a composite number?
False
Suppose 3*o + 11 = 5. Let q(b) = -2*b - 66 + 36*b**2 + 61 - 3*b. Is q(o) a composite number?
False
Suppose -14*t = 30 + 40. Is 5/((-100)/(-88352)) + 3/t a prime number?
False
Suppose 14*n - 7*n = 0. Suppose 2*i - 5*y - 4293 = n, 12*i + 2169 = 13*i + 2*y. Is i composite?
True
Let m = 55 - 64. Let w be -8 - 1*m/3. Is ((-11)/(-2))/(w*(-2)/620) prime?
False
Let p = 76 - 107. Let x = 33 + p. Suppose -2*d + c = -599, -6 + 4 = x*c. Is d a composite number?
True
Suppose -4*f - 3*v + 26 = 0, -5*f + v = -8 - 15. Suppose -15764 = f*i - 40539. Is i composite?
True
Suppose -2*a - 2*f = f - 36, 4*a + 5*f - 68 = 0. Suppose a*t - 28714 = -2*t. Is t a prime number?
False
Let g(p) = -76*p + 7. Suppose -103*v + 108*v + 15 = 0. Is g(v) prime?
False
Let f(s) = -7 + 14 - 5*s + 12 - 3*s. Let g be f(8). Let j = g + 67. Is j a prime number?
False
Let n = 130 - 102. Is ((-147)/26 + n/182)*-10 composite?
True
Let b(d) be the third derivative of 1/120*d**6 + 14*d**2 + 0 + 23/60*d**5 + 5/6*d**4 - 1/6*d**3 + 0*d. Is b(-18) composite?
False
Suppose -3*q - 6 = 3. Let g(w) = -w**2 - 7*w - 8. Let z be g(q). Suppose 0 = -n + z + 17. Is n a composite number?
True
Suppose 69*i + 19*i + 57153116 = 156*i. Is i composite?
True
Let u(p) = -471*p + 12. Let f be u(-2). Suppose -5*s + f = -5066. Is s + 4/(5 + -1) composite?
True
Let p(u) be the second derivative of u**4 + 2*u**3/3 - 17*u**2/2 - 4*u. Suppose -7*v - 6 = -9*v + m, 4*v + 3*m = 32. Is p(v) a composite number?
True
Let i be (-1)/1*(-24)/(-2). Let j(t) be the second derivative of -t**5/20 - 5*t**4/6 + t**3/2 - 15*t**2/2 + 117*t + 1. Is j(i) prime?
False
Let r(v) = -19719*v**3 - 4*v**2 + 2. Let u be r(-1). Let s = -11063 + u. Is s prime?
False
Let a(j) = -1619*j**3 - j**2 + 4*j - 4. Let w be a(2). Let u = 22495 + w. Is u a composite number?
True
Let u = 419 - 285. Suppose 0 = u*n - 137*n. Suppose 4*l + n*m - 1196 = -m, 2*l + 5*m - 616 = 0. Is l prime?
False
Suppose 9*b = -2*b + 121. Suppose -j + b = 5*c, -4*j + 9 = -3*j + 4*c. Is j/4 + 614/8 a prime number?
False
Suppose 0 = -180*f + 184*f + 688. Let j = 293 + f. Is j a prime number?
False
Let a(c) = 93*c + 9. Let p(f) = -370*f - 37. Let k(h) = 9*a(h) + 2*p(h). Let i be k(2). Suppose -3*v + 4*j + i = -1834, -2045 = -3*v - j. Is v a prime number?
False
Suppose -5*f - 2 - 3 = 0, 3*j - 2 = 5*f. Let k be 0/2 + (-4)/j. Suppose n = -4*d + 735, -4*d = -n + k*n - 2237. Is n prime?
True
Suppose 5*t - 8335 = -5*i - 5*i, -i = 4*t - 6633. Is t a composite number?
False
Let v = 412859 + -207498. Is v a prime number?
False
Let b be (9/(-27) + 11)*63/4. Let k(l) = 13*l**3 + 4*l**2 + 4. Let h be k(3). Let w = h - b. Is w a prime number?
True
Let f = 1207 + -1210. Let m(g) = -24*g**3 - 5*g**2 + 2*g + 4. Let z(o) = o**2 + o. Let j(p) = m(p) + 5*z(p). Is j(f) a prime number?
True
Let d(v) = v**3 - 4*v**2 + 5*v - 2. Let t be d(3). Suppose 0 = -t*g + 12. Let b(q) = 13*q - 2. Is b(g) a composite number?
False
Let j = 7503 - 3963. Suppose 9*r - 12453 = j. Is r prime?
True
Let d = -1345 - -1337. Let v(n) be the third derivative of -n**6/40 + n**5/30 + 5*n**4/12 + n**3/6 + n**2. Is v(d) composite?
True
Suppose 4*w + 1072008 = 4*q, 3